{"id":1167,"date":"2013-04-05T13:33:38","date_gmt":"2013-04-05T13:33:38","guid":{"rendered":"http:\/\/www.kriesi.at\/themes\/enfold\/?page_id=1167"},"modified":"2016-11-03T18:01:20","modified_gmt":"2016-11-03T18:01:20","slug":"contact","status":"publish","type":"page","link":"https:\/\/kunst-und-kampf.de\/WordPress_02\/contact\/","title":{"rendered":"Kontakt"},"content":{"rendered":"<div  class='flex_column av-av_two_third-2a9015ff38129c418a3f2eafba3e9512 av_two_third  avia-builder-el-0  el_before_av_one_third  avia-builder-el-first  first flex_column_div  '     ><p>\n<style type=\"text\/css\" data-created_by=\"avia_inline_auto\" id=\"style-css-av-av_heading-379fe3cdfb923eb58feec261c7a9839f\">\n#top .av-special-heading.av-av_heading-379fe3cdfb923eb58feec261c7a9839f{\npadding-bottom:10px;\n}\nbody .av-special-heading.av-av_heading-379fe3cdfb923eb58feec261c7a9839f .av-special-heading-tag .heading-char{\nfont-size:25px;\n}\n.av-special-heading.av-av_heading-379fe3cdfb923eb58feec261c7a9839f .av-subheading{\nfont-size:10px;\n}\n<\/style>\n<div  class='av-special-heading av-av_heading-379fe3cdfb923eb58feec261c7a9839f av-special-heading-h2 meta-heading  avia-builder-el-1  el_before_av_textblock  avia-builder-el-first '><h2 class='av-special-heading-tag '  itemprop=\"headline\"  >Kontakt zu KuK<\/h2><div class=\"special-heading-border\"><div class=\"special-heading-inner-border\"><\/div><\/div><\/div><br \/>\n<section  class='av_textblock_section av-av_textblock-0366cc7376be6c9e82a3e9cc8987b64f '   itemscope=\"itemscope\" itemtype=\"https:\/\/schema.org\/CreativeWork\" ><div class='avia_textblock'  itemprop=\"text\" ><p>Egal, ob Ihr eine Frage wegen einer Veranstaltung habt, Bernd f\u00fcr einen Vortrag einladen, eine Stadtrundfahrt buchen oder eines von Bernds B\u00fcchern erwerben wollt: schickt einfach eine Mail, wir k\u00fcmmern uns drum.<\/p>\n<\/div><\/section><br \/>\n\n<style type=\"text\/css\" data-created_by=\"avia_inline_auto\" id=\"style-css-av-av_heading-58b36f7485179c8c3a9b0efd3f0ce9e7\">\n#top .av-special-heading.av-av_heading-58b36f7485179c8c3a9b0efd3f0ce9e7{\npadding-bottom:10px;\n}\nbody .av-special-heading.av-av_heading-58b36f7485179c8c3a9b0efd3f0ce9e7 .av-special-heading-tag .heading-char{\nfont-size:25px;\n}\n.av-special-heading.av-av_heading-58b36f7485179c8c3a9b0efd3f0ce9e7 .av-subheading{\nfont-size:10px;\n}\n<\/style>\n<div  class='av-special-heading av-av_heading-58b36f7485179c8c3a9b0efd3f0ce9e7 av-special-heading-h3 meta-heading  avia-builder-el-3  el_after_av_textblock  el_before_av_contact '><h3 class='av-special-heading-tag '  itemprop=\"headline\"  >Kontaktaufnahme<\/h3><div class=\"special-heading-border\"><div class=\"special-heading-inner-border\"><\/div><\/div><\/div><br \/>\n<form action=\"https:\/\/kunst-und-kampf.de\/WordPress_02\/contact\/\" method=\"post\" data-fields-with-error=\"Fehler wurden in folgenden Feld(ern) gefunden:\" class=\"avia_ajax_form av-form-labels-visible   avia-builder-el-4  el_after_av_heading  avia-builder-el-last   \" data-avia-form-id=\"1\" data-avia-redirect='' ><fieldset><p class='  first_form  form_element form_element_half' id='element_avia_1_1'><label for=\"avia_1_1\">Name <abbr class=\"required\" title=\"ben\u00f6tigt\">*<\/abbr><\/label> <input name=\"avia_1_1\" class=\"text_input is_empty\" type=\"text\" id=\"avia_1_1\" value=\"\" \/><\/p><p class='  form_element form_element_half' id='element_avia_2_1'><label for=\"avia_2_1\">E-Mail <abbr class=\"required\" title=\"ben\u00f6tigt\">*<\/abbr><\/label> <input name=\"avia_2_1\" class=\"text_input is_email\" type=\"text\" id=\"avia_2_1\" value=\"\" \/><\/p><p class='  first_form  form_element form_fullwidth' id='element_avia_3_1'><label for=\"avia_3_1\">Betreff <abbr class=\"required\" title=\"ben\u00f6tigt\">*<\/abbr><\/label> <input name=\"avia_3_1\" class=\"text_input is_empty\" type=\"text\" id=\"avia_3_1\" value=\"\" \/><\/p><p class='  first_form  form_element form_fullwidth av-last-visible-form-element' id='element_avia_4_1'><label for=\"avia_4_1\" class=\"textare_label hidden textare_label_avia_4_1\">Nachricht <abbr class=\"required\" title=\"ben\u00f6tigt\">*<\/abbr><\/label><textarea  name=\"avia_4_1\" class=\"text_area is_empty\" cols=\"40\" rows=\"7\" id=\"avia_4_1\" ><\/textarea><\/p><p class=\"hidden\"><input type=\"text\" name=\"avia_5_1\" class=\"hidden \" id=\"avia_5_1\" value=\"\" \/><\/p><p class=\"form_element \"><input type=\"hidden\" value=\"1\" name=\"avia_generated_form1\" \/><input type=\"submit\" value=\"Absenden\" class=\"button\"  data-sending-label=\"Sende\"\/><\/p><\/fieldset><\/form><div id=\"ajaxresponse_1\" class=\"ajaxresponse ajaxresponse_1 hidden\"><\/div><\/p><\/div>\n<style type=\"text\/css\" data-created_by=\"avia_inline_auto\" id=\"style-css-av-av_one_third-0aa7055fe62c3622faec82866afbaeb2\">\n.flex_column.av-av_one_third-0aa7055fe62c3622faec82866afbaeb2{\nborder-radius:0px 0px 0px 0px;\npadding:0px 0px 0px 0px;\n}\n<\/style>\n<div  class='flex_column av-av_one_third-0aa7055fe62c3622faec82866afbaeb2 av_one_third  avia-builder-el-5  el_after_av_two_third  el_before_av_one_full  flex_column_div av-zero-column-padding  '     ><style type=\"text\/css\" data-created_by=\"avia_inline_auto\" id=\"style-css-av-av_image-336b1c0f9648338b60358e8d674af6ee\">\n.avia-image-container.av-av_image-336b1c0f9648338b60358e8d674af6ee img.avia_image{\nbox-shadow:none;\n}\n.avia-image-container.av-av_image-336b1c0f9648338b60358e8d674af6ee .av-image-caption-overlay-center{\ncolor:#ffffff;\n}\n<\/style>\n<div  class='avia-image-container av-av_image-336b1c0f9648338b60358e8d674af6ee av-styling- avia_animated_image av-animated-when-visible-95 av-rotateIn avia-align-center  avia-builder-el-6  avia-builder-el-no-sibling '   itemprop=\"image\" itemscope=\"itemscope\" itemtype=\"https:\/\/schema.org\/ImageObject\" ><div class=\"avia-image-container-inner\"><div class=\"avia-image-overlay-wrap\"><img decoding=\"async\" fetchpriority=\"high\" class='wp-image-3302 avia-img-lazy-loading-not-3302 avia_image ' src=\"https:\/\/kunst-und-kampf.de\/wp-content\/uploads\/2016\/10\/Logo_KunstundKampf-300x300.png\" alt='' title='logo_kunstundkampf'  height=\"300\" width=\"300\"  itemprop=\"thumbnailUrl\" srcset=\"https:\/\/kunst-und-kampf.de\/wp-content\/uploads\/2016\/10\/Logo_KunstundKampf-300x300.png 300w, https:\/\/kunst-und-kampf.de\/wp-content\/uploads\/2016\/10\/Logo_KunstundKampf-80x80.png 80w, https:\/\/kunst-und-kampf.de\/wp-content\/uploads\/2016\/10\/Logo_KunstundKampf-36x36.png 36w, https:\/\/kunst-und-kampf.de\/wp-content\/uploads\/2016\/10\/Logo_KunstundKampf-180x180.png 180w, https:\/\/kunst-und-kampf.de\/wp-content\/uploads\/2016\/10\/Logo_KunstundKampf.png 400w, https:\/\/kunst-und-kampf.de\/wp-content\/uploads\/2016\/10\/Logo_KunstundKampf-120x120.png 120w\" sizes=\"(max-width: 300px) 100vw, 300px\" \/><\/div><\/div><\/div><\/div><\/p>\n\n<style type=\"text\/css\" data-created_by=\"avia_inline_auto\" id=\"style-css-av-av_one_full-6126cab7d8fab8d08143dd2dacdf673c\">\n.flex_column.av-av_one_full-6126cab7d8fab8d08143dd2dacdf673c{\nborder-radius:0px 0px 0px 0px;\npadding:0px 0px 0px 0px;\n}\n<\/style>\n<div  class='flex_column av-av_one_full-6126cab7d8fab8d08143dd2dacdf673c av_one_full  avia-builder-el-7  el_after_av_one_third  avia-builder-el-last  first flex_column_div av-zero-column-padding  column-top-margin'     ><div  class='togglecontainer av-av_toggle_container-8e0c6e39d39b619a829887bd54fff3ed  avia-builder-el-8  avia-builder-el-no-sibling  toggle_close_all' >\n<section class='av_toggle_section av-av_toggle-fb388d668eb777198f1da50823402cfc'  itemscope=\"itemscope\" itemtype=\"https:\/\/schema.org\/CreativeWork\" ><div role=\"tablist\" class=\"single_toggle\" data-tags=\"{Alle} \"  ><p id='toggle-toggle-id-1' data-fake-id='#toggle-id-1' class='toggler  av-title-above '  itemprop=\"headline\"  role='tab' tabindex='0' aria-controls='toggle-id-1' data-slide-speed=\"200\" data-title=\"Impressum\" data-title-open=\"\" data-aria_collapsed=\"Click to expand: Impressum\" data-aria_expanded=\"Click to collapse: Impressum\">Impressum<span class=\"toggle_icon\"><span class=\"vert_icon\"><\/span><span class=\"hor_icon\"><\/span><\/span><\/p><div id='toggle-id-1' aria-labelledby='toggle-toggle-id-1' role='region' class='toggle_wrap  av-title-above'  ><div class='toggle_content invers-color '  itemprop=\"text\" ><p class=\"paragraph_style_6\"><span class=\"style_2\">F\u00fcr den Inhalt zeichnet sich verantwortlich:<br \/>\nBernd Langer | E-Mail: <\/span>info[at]kunst-und-kampf.de<span class=\"style_2\"><br \/>\n<\/span><\/p>\n<h4 class=\"paragraph_style_7\"><span class=\"style_4\">Haftung f\u00fcr Inhalte<\/span><\/h4>\n<p class=\"paragraph_style_8\"><span class=\"style_5\">Die Inhalte dieser Seiten wurden mit gr\u00f6\u00dfter Sorgfalt erstellt. F\u00fcr die Richtigkeit, Vollst\u00e4ndigkeit und Aktualit\u00e4t der Inhalte kann ich jedoch keine Gew\u00e4hr \u00fcbernehmen.<\/span><\/p>\n<h4 class=\"paragraph_style_8\"><span class=\"style_6\">Haftung f\u00fcr Links<\/span><\/h4>\n<p class=\"paragraph_style_8\">Die Webseite enth\u00e4lt Links zu externen Webseiten Dritter, auf deren Inhalte ich keinen Einfluss habe. Deshalb kann ich f\u00fcr diese fremden Inhalte auch keine Gew\u00e4hr \u00fcbernehmen. F\u00fcr die Inhalte der verlinkten Seiten ist stets der jeweilige Anbieter oder Betreiber der Seiten verantwortlich. Die verlinkten Seiten wurden zum Zeitpunkt der Verlinkung auf m\u00f6gliche Rechtsverst\u00f6\u00dfe \u00fcberpr\u00fcft. Rechtswidrige Inhalte waren zum Zeitpunkt der Verlinkung nicht erkennbar. Eine permanente inhaltliche Kontrolle der verlinkten Seiten ist jedoch ohne konkrete Anhaltspunkte einer Rechtsverletzung nicht zumutbar. Bei Bekanntwerden von Rechtsverletzungen werde ich derartige Links umgehend entfernen.<\/p>\n<h4 class=\"paragraph_style_8\"><span class=\"style_6\">Urheberrecht<\/span><\/h4>\n<p class=\"paragraph_style_8\">Die durch mich erstellten Inhalte und Werke auf diesen Seiten unterliegen dem deutschen Urheberrecht. Beitr\u00e4ge Dritter sind als solche gekennzeichnet. Die Vervielf\u00e4ltigung, Bearbeitung, Verbreitung und jede Art der Verwertung au\u00dferhalb der Grenzen des Urheberrechtes bed\u00fcrfen der Zustimmung des jeweiligen Autors bzw. Erstellers. Downloads und Kopien dieser Seite sind nur f\u00fcr den privaten, nicht kommerziellen Gebrauch gestattet.<\/p>\n<h4 class=\"paragraph_style_8\"><span class=\"style_6\">Datenschutz<\/span><\/h4>\n<p class=\"paragraph_style_8\">Soweit auf meinen Seiten personenbezogene Daten (beispielsweise Name, Anschrift oder eMail-Adressen) erhoben werden, erfolgt dies soweit m\u00f6glich stets auf freiwilliger Basis. Die Nutzung der Angebote und Dienste ist, soweit m\u00f6glich, stets ohne Angabe personenbezogener Daten m\u00f6glich.<\/p>\n<p class=\"paragraph_style_8\"><strong>Der Nutzung von im Rahmen der Impressumspflicht ver\u00f6ffentlichten Kontaktdaten durch Dritte zur \u00dcbersendung von nicht ausdr\u00fccklich angeforderter Werbung und Informationsmaterialien wird hiermit ausdr\u00fccklich widersprochen. Ich behalte mir rechtliche Schritte im Falle der unverlangten Zusendung von Werbeinformationen, etwa durch Spam-Mails, vor.<\/strong><\/p>\n<\/div><\/div><\/div><\/section>\n<\/div><\/div>\n","protected":false},"excerpt":{"rendered":"","protected":false},"author":1,"featured_media":0,"parent":0,"menu_order":0,"comment_status":"open","ping_status":"open","template":"","meta":{"footnotes":""},"class_list":["post-1167","page","type-page","status-publish","hentry"],"_links":{"self":[{"href":"https:\/\/kunst-und-kampf.de\/WordPress_02\/wp-json\/wp\/v2\/pages\/1167","targetHints":{"allow":["GET"]}}],"collection":[{"href":"https:\/\/kunst-und-kampf.de\/WordPress_02\/wp-json\/wp\/v2\/pages"}],"about":[{"href":"https:\/\/kunst-und-kampf.de\/WordPress_02\/wp-json\/wp\/v2\/types\/page"}],"author":[{"embeddable":true,"href":"https:\/\/kunst-und-kampf.de\/WordPress_02\/wp-json\/wp\/v2\/users\/1"}],"replies":[{"embeddable":true,"href":"https:\/\/kunst-und-kampf.de\/WordPress_02\/wp-json\/wp\/v2\/comments?post=1167"}],"version-history":[{"count":16,"href":"https:\/\/kunst-und-kampf.de\/WordPress_02\/wp-json\/wp\/v2\/pages\/1167\/revisions"}],"predecessor-version":[{"id":7444,"href":"https:\/\/kunst-und-kampf.de\/WordPress_02\/wp-json\/wp\/v2\/pages\/1167\/revisions\/7444"}],"wp:attachment":[{"href":"https:\/\/kunst-und-kampf.de\/WordPress_02\/wp-json\/wp\/v2\/media?parent=1167"}],"curies":[{"name":"wp","href":"https:\/\/api.w.org\/{rel}","templated":true}]}}

<div  class='flex_column av-av_two_third-2a9015ff38129c418a3f2eafba3e9512 av_two_third  avia-builder-el-0  el_before_av_one_third  avia-builder-el-first  first flex_column_div  '     ><p>
<style type="text/css" data-created_by="avia_inline_auto" id="style-css-av-av_heading-379fe3cdfb923eb58feec261c7a9839f">
#top .av-special-heading.av-av_heading-379fe3cdfb923eb58feec261c7a9839f{
padding-bottom:10px;
}
body .av-special-heading.av-av_heading-379fe3cdfb923eb58feec261c7a9839f .av-special-heading-tag .heading-char{
font-size:25px;
}
.av-special-heading.av-av_heading-379fe3cdfb923eb58feec261c7a9839f .av-subheading{
font-size:10px;
}
</style>
<div  class='av-special-heading av-av_heading-379fe3cdfb923eb58feec261c7a9839f av-special-heading-h2 meta-heading  avia-builder-el-1  el_before_av_textblock  avia-builder-el-first '><h2 class='av-special-heading-tag '  itemprop="headline"  >Kontakt zu KuK</h2><div class="special-heading-border"><div class="special-heading-inner-border"></div></div></div><br />
<section  class='av_textblock_section av-av_textblock-0366cc7376be6c9e82a3e9cc8987b64f '   itemscope="itemscope" itemtype="https://schema.org/CreativeWork" ><div class='avia_textblock'  itemprop="text" ><p>Egal, ob Ihr eine Frage wegen einer Veranstaltung habt, Bernd für einen Vortrag einladen, eine Stadtrundfahrt buchen oder eines von Bernds Büchern erwerben wollt: schickt einfach eine Mail, wir kümmern uns drum.</p>
</div></section><br />

<style type="text/css" data-created_by="avia_inline_auto" id="style-css-av-av_heading-58b36f7485179c8c3a9b0efd3f0ce9e7">
#top .av-special-heading.av-av_heading-58b36f7485179c8c3a9b0efd3f0ce9e7{
padding-bottom:10px;
}
body .av-special-heading.av-av_heading-58b36f7485179c8c3a9b0efd3f0ce9e7 .av-special-heading-tag .heading-char{
font-size:25px;
}
.av-special-heading.av-av_heading-58b36f7485179c8c3a9b0efd3f0ce9e7 .av-subheading{
font-size:10px;
}
</style>
<div  class='av-special-heading av-av_heading-58b36f7485179c8c3a9b0efd3f0ce9e7 av-special-heading-h3 meta-heading  avia-builder-el-3  el_after_av_textblock  el_before_av_contact '><h3 class='av-special-heading-tag '  itemprop="headline"  >Kontaktaufnahme</h3><div class="special-heading-border"><div class="special-heading-inner-border"></div></div></div><br />
<form action="https://kunst-und-kampf.de/WordPress_02/contact/" method="post" data-fields-with-error="Fehler wurden in folgenden Feld(ern) gefunden:" class="avia_ajax_form av-form-labels-visible   avia-builder-el-4  el_after_av_heading  avia-builder-el-last   " data-avia-form-id="1" data-avia-redirect='' ><fieldset><p class='  first_form  form_element form_element_half' id='element_avia_1_1'><label for="avia_1_1">Name <abbr class="required" title="benötigt">*</abbr></label> <input name="avia_1_1" class="text_input is_empty" type="text" id="avia_1_1" value="" /></p><p class='  form_element form_element_half' id='element_avia_2_1'><label for="avia_2_1">E-Mail <abbr class="required" title="benötigt">*</abbr></label> <input name="avia_2_1" class="text_input is_email" type="text" id="avia_2_1" value="" /></p><p class='  first_form  form_element form_fullwidth' id='element_avia_3_1'><label for="avia_3_1">Betreff <abbr class="required" title="benötigt">*</abbr></label> <input name="avia_3_1" class="text_input is_empty" type="text" id="avia_3_1" value="" /></p><p class='  first_form  form_element form_fullwidth av-last-visible-form-element' id='element_avia_4_1'><label for="avia_4_1" class="textare_label hidden textare_label_avia_4_1">Nachricht <abbr class="required" title="benötigt">*</abbr></label><textarea  name="avia_4_1" class="text_area is_empty" cols="40" rows="7" id="avia_4_1" ></textarea></p><p class="hidden"><input type="text" name="avia_5_1" class="hidden " id="avia_5_1" value="" /></p><p class="form_element "><input type="hidden" value="1" name="avia_generated_form1" /><input type="submit" value="Absenden" class="button"  data-sending-label="Sende"/></p></fieldset></form><div id="ajaxresponse_1" class="ajaxresponse ajaxresponse_1 hidden"></div></p></div>
<style type="text/css" data-created_by="avia_inline_auto" id="style-css-av-av_one_third-0aa7055fe62c3622faec82866afbaeb2">
.flex_column.av-av_one_third-0aa7055fe62c3622faec82866afbaeb2{
border-radius:0px 0px 0px 0px;
padding:0px 0px 0px 0px;
}
</style>
<div  class='flex_column av-av_one_third-0aa7055fe62c3622faec82866afbaeb2 av_one_third  avia-builder-el-5  el_after_av_two_third  el_before_av_one_full  flex_column_div av-zero-column-padding  '     ><style type="text/css" data-created_by="avia_inline_auto" id="style-css-av-av_image-336b1c0f9648338b60358e8d674af6ee">
.avia-image-container.av-av_image-336b1c0f9648338b60358e8d674af6ee img.avia_image{
box-shadow:none;
}
.avia-image-container.av-av_image-336b1c0f9648338b60358e8d674af6ee .av-image-caption-overlay-center{
color:#ffffff;
}
</style>
<div  class='avia-image-container av-av_image-336b1c0f9648338b60358e8d674af6ee av-styling- avia_animated_image av-animated-when-visible-95 av-rotateIn avia-align-center  avia-builder-el-6  avia-builder-el-no-sibling '   itemprop="image" itemscope="itemscope" itemtype="https://schema.org/ImageObject" ><div class="avia-image-container-inner"><div class="avia-image-overlay-wrap"><img decoding="async" fetchpriority="high" class='wp-image-3302 avia-img-lazy-loading-not-3302 avia_image ' src="https://kunst-und-kampf.de/wp-content/uploads/2016/10/Logo_KunstundKampf-300x300.png" alt='' title='logo_kunstundkampf'  height="300" width="300"  itemprop="thumbnailUrl" srcset="https://kunst-und-kampf.de/wp-content/uploads/2016/10/Logo_KunstundKampf-300x300.png 300w, https://kunst-und-kampf.de/wp-content/uploads/2016/10/Logo_KunstundKampf-80x80.png 80w, https://kunst-und-kampf.de/wp-content/uploads/2016/10/Logo_KunstundKampf-36x36.png 36w, https://kunst-und-kampf.de/wp-content/uploads/2016/10/Logo_KunstundKampf-180x180.png 180w, https://kunst-und-kampf.de/wp-content/uploads/2016/10/Logo_KunstundKampf.png 400w, https://kunst-und-kampf.de/wp-content/uploads/2016/10/Logo_KunstundKampf-120x120.png 120w" sizes="(max-width: 300px) 100vw, 300px" /></div></div></div></div></p>

<style type="text/css" data-created_by="avia_inline_auto" id="style-css-av-av_one_full-6126cab7d8fab8d08143dd2dacdf673c">
.flex_column.av-av_one_full-6126cab7d8fab8d08143dd2dacdf673c{
border-radius:0px 0px 0px 0px;
padding:0px 0px 0px 0px;
}
</style>
<div  class='flex_column av-av_one_full-6126cab7d8fab8d08143dd2dacdf673c av_one_full  avia-builder-el-7  el_after_av_one_third  avia-builder-el-last  first flex_column_div av-zero-column-padding  column-top-margin'     ><div  class='togglecontainer av-av_toggle_container-8e0c6e39d39b619a829887bd54fff3ed  avia-builder-el-8  avia-builder-el-no-sibling  toggle_close_all' >
<section class='av_toggle_section av-av_toggle-fb388d668eb777198f1da50823402cfc'  itemscope="itemscope" itemtype="https://schema.org/CreativeWork" ><div role="tablist" class="single_toggle" data-tags="{Alle} "  ><p id='toggle-toggle-id-1' data-fake-id='#toggle-id-1' class='toggler  av-title-above '  itemprop="headline"  role='tab' tabindex='0' aria-controls='toggle-id-1' data-slide-speed="200" data-title="Impressum" data-title-open="" data-aria_collapsed="Click to expand: Impressum" data-aria_expanded="Click to collapse: Impressum">Impressum<span class="toggle_icon"><span class="vert_icon"></span><span class="hor_icon"></span></span></p><div id='toggle-id-1' aria-labelledby='toggle-toggle-id-1' role='region' class='toggle_wrap  av-title-above'  ><div class='toggle_content invers-color '  itemprop="text" ><p class="paragraph_style_6"><span class="style_2">Für den Inhalt zeichnet sich verantwortlich:<br />
Bernd Langer | E-Mail: </span>info[at]kunst-und-kampf.de<span class="style_2"><br />
</span></p>
<h4 class="paragraph_style_7"><span class="style_4">Haftung für Inhalte</span></h4>
<p class="paragraph_style_8"><span class="style_5">Die Inhalte dieser Seiten wurden mit größter Sorgfalt erstellt. Für die Richtigkeit, Vollständigkeit und Aktualität der Inhalte kann ich jedoch keine Gewähr übernehmen.</span></p>
<h4 class="paragraph_style_8"><span class="style_6">Haftung für Links</span></h4>
<p class="paragraph_style_8">Die Webseite enthält Links zu externen Webseiten Dritter, auf deren Inhalte ich keinen Einfluss habe. Deshalb kann ich für diese fremden Inhalte auch keine Gewähr übernehmen. Für die Inhalte der verlinkten Seiten ist stets der jeweilige Anbieter oder Betreiber der Seiten verantwortlich. Die verlinkten Seiten wurden zum Zeitpunkt der Verlinkung auf mögliche Rechtsverstöße überprüft. Rechtswidrige Inhalte waren zum Zeitpunkt der Verlinkung nicht erkennbar. Eine permanente inhaltliche Kontrolle der verlinkten Seiten ist jedoch ohne konkrete Anhaltspunkte einer Rechtsverletzung nicht zumutbar. Bei Bekanntwerden von Rechtsverletzungen werde ich derartige Links umgehend entfernen.</p>
<h4 class="paragraph_style_8"><span class="style_6">Urheberrecht</span></h4>
<p class="paragraph_style_8">Die durch mich erstellten Inhalte und Werke auf diesen Seiten unterliegen dem deutschen Urheberrecht. Beiträge Dritter sind als solche gekennzeichnet. Die Vervielfältigung, Bearbeitung, Verbreitung und jede Art der Verwertung außerhalb der Grenzen des Urheberrechtes bedürfen der Zustimmung des jeweiligen Autors bzw. Erstellers. Downloads und Kopien dieser Seite sind nur für den privaten, nicht kommerziellen Gebrauch gestattet.</p>
<h4 class="paragraph_style_8"><span class="style_6">Datenschutz</span></h4>
<p class="paragraph_style_8">Soweit auf meinen Seiten personenbezogene Daten (beispielsweise Name, Anschrift oder eMail-Adressen) erhoben werden, erfolgt dies soweit möglich stets auf freiwilliger Basis. Die Nutzung der Angebote und Dienste ist, soweit möglich, stets ohne Angabe personenbezogener Daten möglich.</p>
<p class="paragraph_style_8"><strong>Der Nutzung von im Rahmen der Impressumspflicht veröffentlichten Kontaktdaten durch Dritte zur Übersendung von nicht ausdrücklich angeforderter Werbung und Informationsmaterialien wird hiermit ausdrücklich widersprochen. Ich behalte mir rechtliche Schritte im Falle der unverlangten Zusendung von Werbeinformationen, etwa durch Spam-Mails, vor.</strong></p>
</div></div></div></section>
</div></div>
