{"id":3859,"date":"2004-11-01T15:06:55","date_gmt":"2004-11-01T15:06:55","guid":{"rendered":"http:\/\/kunst-und-kampf.de\/WordPress_02\/portfolio-item\/slider-two-third-copy\/"},"modified":"2016-11-06T15:05:06","modified_gmt":"2016-11-06T15:05:06","slug":"operation-1653-stay-rude-stay-rebel","status":"publish","type":"portfolio","link":"https:\/\/kunst-und-kampf.de\/WordPress_02\/portfolio-item\/operation-1653-stay-rude-stay-rebel\/","title":{"rendered":"Operation 1653 &#8211; Stay rude, stay rebel"},"content":{"rendered":"<div  class='flex_column av-av_one_half-2a9015ff38129c418a3f2eafba3e9512 av_one_half  avia-builder-el-0  el_before_av_one_half  avia-builder-el-first  first flex_column_div  '     ><style type=\"text\/css\" data-created_by=\"avia_inline_auto\" id=\"style-css-av-av_image-6ae674f92a91427a7634a40335812431\">\n.avia-image-container.av-av_image-6ae674f92a91427a7634a40335812431 img.avia_image{\nbox-shadow:none;\n}\n.avia-image-container.av-av_image-6ae674f92a91427a7634a40335812431 .av-image-caption-overlay-center{\ncolor:#ffffff;\n}\n<\/style>\n<div  class='avia-image-container av-av_image-6ae674f92a91427a7634a40335812431 av-styling- avia-align-left  avia-builder-el-1  avia-builder-el-no-sibling '   itemprop=\"image\" itemscope=\"itemscope\" itemtype=\"https:\/\/schema.org\/ImageObject\" ><div class=\"avia-image-container-inner\"><div class=\"avia-image-overlay-wrap\"><img decoding=\"async\" fetchpriority=\"high\" class='wp-image-3862 avia-img-lazy-loading-not-3862 avia_image ' src=\"https:\/\/kunst-und-kampf.de\/wp-content\/uploads\/2016\/11\/Buchcover_Operation1653.jpg\" alt='' title='Buchcover Operation1653'  height=\"800\" width=\"576\"  itemprop=\"thumbnailUrl\" srcset=\"https:\/\/kunst-und-kampf.de\/wp-content\/uploads\/2016\/11\/Buchcover_Operation1653.jpg 576w, https:\/\/kunst-und-kampf.de\/wp-content\/uploads\/2016\/11\/Buchcover_Operation1653-216x300.jpg 216w, https:\/\/kunst-und-kampf.de\/wp-content\/uploads\/2016\/11\/Buchcover_Operation1653-508x705.jpg 508w, https:\/\/kunst-und-kampf.de\/wp-content\/uploads\/2016\/11\/Buchcover_Operation1653-450x625.jpg 450w\" sizes=\"(max-width: 576px) 100vw, 576px\" \/><\/div><\/div><\/div><\/div>\n\n<style type=\"text\/css\" data-created_by=\"avia_inline_auto\" id=\"style-css-av-av_one_half-0aa7055fe62c3622faec82866afbaeb2\">\n.flex_column.av-av_one_half-0aa7055fe62c3622faec82866afbaeb2{\nborder-radius:0px 0px 0px 0px;\npadding:0px 0px 0px 0px;\n}\n<\/style>\n<div  class='flex_column av-av_one_half-0aa7055fe62c3622faec82866afbaeb2 av_one_half  avia-builder-el-2  el_after_av_one_half  el_before_av_hr  flex_column_div av-zero-column-padding  '     ><section  class='av_textblock_section av-av_textblock-0366cc7376be6c9e82a3e9cc8987b64f '   itemscope=\"itemscope\" itemtype=\"https:\/\/schema.org\/CreativeWork\" ><div class='avia_textblock'  itemprop=\"text\" ><h3>Buch Operation 1653 &#8211; Stay rude, stay rebel<\/h3>\n<p>&#8222;Operation 1653&#8220; erz\u00e4hlt eine authentische Geschichte. Angewiesen durch Briefe einer omin\u00f6sen &#8222;Organisation&#8220;, mittels F\u00fchrungsoffizieren und Dossiers, wird Bernd Langer auf eine Reise mit unbekanntem Ziel geschickt: von G\u00f6ttingen \u00fcber Hamburg nach Amsterdam und K\u00f6ln, den Rhein entlang, wo er sich einige Tage in einem Nonnenkloster aufh\u00e4lt, um schlie\u00dflich in New York zu landen. W\u00e4hrend dessen sind r\u00e4tselhafte Aufgaben zu l\u00f6sen.<br \/>\nDie Reise f\u00fchrt den Autor in eine Auseinandersetzung mit seiner eigenen Geschichte, die eng mit der autonomen Bewegung verbunden ist. Es entsteht die pers\u00f6nliche Schilderung eines Menschen, der ab Ende der siebziger Jahre an Brennpunkten der politischen Auseinandersetzungen mit der Staatsmacht in der BRD beteiligt ist. Auf unterhaltsame Weise wird nachvollziehbar, wie man zum Autonomen wird und welche Werte und politischen Vorstellungen dabei wichtig sind und wie die autonome antifaschistische Bewegung entsteht und sich organisiert. Hell lodern die Flammen der Stra\u00dfen-schlachten, Anschl\u00e4ge und illegalen Aktionen. Auch die Unerbittlichkeit des Kampfes wird gezeigt, die Toten und die Verfolgung durch die Polizei und Justiz beschrieben. Interessant wird die Schilderung, weil sie auch von den Zweifeln auf diesem Weg spricht und das Scheitern vieler Vorstellungen vor Augen f\u00fchrt.<br \/>\nDer krimi\u00e4hnliche Reiseverlauf bildet den Leitfaden der tiefgreifenden, am\u00fcsanten und zuweilen bizarr geschilderten Erinnerungen.<\/p>\n<\/div><\/section><br \/>\n<div  class='togglecontainer av-av_toggle_container-58d3b55d78679e2c4a6f7b2e625e97f8  avia-builder-el-4  el_after_av_textblock  avia-builder-el-last  toggle_close_all' >\n<section class='av_toggle_section av-av_toggle-500c61e4b68d2ac7c885a8fdc43468ea'  itemscope=\"itemscope\" itemtype=\"https:\/\/schema.org\/CreativeWork\" ><div role=\"tablist\" class=\"single_toggle\" data-tags=\"{Alle} \"  ><p id='toggle-toggle-id-1' data-fake-id='#toggle-id-1' class='toggler  activeTitle av-title-above '  itemprop=\"headline\"  role='tab' tabindex='0' aria-controls='toggle-id-1' data-slide-speed=\"200\" data-title=\"Daten\" data-title-open=\"\" data-aria_collapsed=\"Click to expand: Daten\" data-aria_expanded=\"Click to collapse: Daten\">Daten<span class=\"toggle_icon\"><span class=\"vert_icon\"><\/span><span class=\"hor_icon\"><\/span><\/span><\/p><div id='toggle-id-1' aria-labelledby='toggle-toggle-id-1' role='region' class='toggle_wrap  active_tc av-title-above' style='display:block;' ><div class='toggle_content invers-color '  itemprop=\"text\" ><p>erschienen 17. Juni 2004<br \/>\nHardcover, 270 Seiten<br \/>\nmit zahlreichen SW-Abbildungen<br \/>\nAuflage 1.500 Exemplare<br \/>\nPreis: 16,80 \u20ac<\/p>\n<\/div><\/div><\/div><\/section>\n<section class='av_toggle_section av-av_toggle-0dd3c91d47178ae1b8843afd4d16eb7c'  itemscope=\"itemscope\" itemtype=\"https:\/\/schema.org\/CreativeWork\" ><div role=\"tablist\" class=\"single_toggle\" data-tags=\"{Alle} \"  ><p id='toggle-toggle-id-2' data-fake-id='#toggle-id-2' class='toggler  av-title-above '  itemprop=\"headline\"  role='tab' tabindex='0' aria-controls='toggle-id-2' data-slide-speed=\"200\" data-title=\"Kaufen\" data-title-open=\"\" data-aria_collapsed=\"Click to expand: Kaufen\" data-aria_expanded=\"Click to collapse: Kaufen\">Kaufen<span class=\"toggle_icon\"><span class=\"vert_icon\"><\/span><span class=\"hor_icon\"><\/span><\/span><\/p><div id='toggle-id-2' aria-labelledby='toggle-toggle-id-2' role='region' class='toggle_wrap  av-title-above'  ><div class='toggle_content invers-color '  itemprop=\"text\" ><div  class='avia-button-wrap av-av_button-40062d26fce9a972b6041fad7485e1c4-wrap avia-button-left  avia-builder-el-5  avia-builder-el-no-sibling '><a href='https:\/\/kunst-und-kampf.de\/WordPress_02\/contact\/anfragen-artwork\/'  class='avia-button av-av_button-40062d26fce9a972b6041fad7485e1c4 av-link-btn avia-icon_select-yes-left-icon avia-size-medium avia-position-left avia-color-theme-color'   aria-label=\"Anfragen\"><span class='avia_button_icon avia_button_icon_left avia-iconfont avia-font-entypo-fontello' data-av_icon='\ue875' data-av_iconfont='entypo-fontello' ><\/span><span class='avia_iconbox_title' >Anfragen<\/span><\/a><\/div>\n<\/div><\/div><\/div><\/section>\n<\/div><\/p><\/div><div  class='hr av-av_hr-dcd2069817a0e3d34ae04cad8f3443c7 hr-default  avia-builder-el-6  el_after_av_one_half  el_before_av_button '><span class='hr-inner '><span class=\"hr-inner-style\"><\/span><\/span><\/div><\/p>\n<div  class='avia-button-wrap av-av_button-d8ff56d5e64341cd8b273e5d9e48900a-wrap avia-button-center  avia-builder-el-7  el_after_av_hr  avia-builder-el-last '><a href='https:\/\/kunst-und-kampf.de\/WordPress_02\/veroeffentlichungen\/'  class='avia-button av-av_button-d8ff56d5e64341cd8b273e5d9e48900a av-link-btn avia-icon_select-yes-left-icon avia-size-medium avia-position-center avia-color-theme-color-subtle'   aria-label=\"\u00dcbersicht Ver\u00f6ffentlichungen\"><span class='avia_button_icon avia_button_icon_left avia-iconfont avia-font-entypo-fontello' data-av_icon='\ue876' data-av_iconfont='entypo-fontello' ><\/span><span class='avia_iconbox_title' >\u00dcbersicht Ver\u00f6ffentlichungen<\/span><\/a><\/div>\n","protected":false},"excerpt":{"rendered":"","protected":false},"author":1,"featured_media":3862,"comment_status":"closed","ping_status":"closed","template":"","meta":{"footnotes":""},"tags":[43],"portfolio_entries":[37],"class_list":["post-3859","portfolio","type-portfolio","status-publish","has-post-thumbnail","hentry","tag-portrait","portfolio_entries-buecher"],"_links":{"self":[{"href":"https:\/\/kunst-und-kampf.de\/WordPress_02\/wp-json\/wp\/v2\/portfolio\/3859","targetHints":{"allow":["GET"]}}],"collection":[{"href":"https:\/\/kunst-und-kampf.de\/WordPress_02\/wp-json\/wp\/v2\/portfolio"}],"about":[{"href":"https:\/\/kunst-und-kampf.de\/WordPress_02\/wp-json\/wp\/v2\/types\/portfolio"}],"author":[{"embeddable":true,"href":"https:\/\/kunst-und-kampf.de\/WordPress_02\/wp-json\/wp\/v2\/users\/1"}],"replies":[{"embeddable":true,"href":"https:\/\/kunst-und-kampf.de\/WordPress_02\/wp-json\/wp\/v2\/comments?post=3859"}],"version-history":[{"count":1,"href":"https:\/\/kunst-und-kampf.de\/WordPress_02\/wp-json\/wp\/v2\/portfolio\/3859\/revisions"}],"predecessor-version":[{"id":3860,"href":"https:\/\/kunst-und-kampf.de\/WordPress_02\/wp-json\/wp\/v2\/portfolio\/3859\/revisions\/3860"}],"wp:featuredmedia":[{"embeddable":true,"href":"https:\/\/kunst-und-kampf.de\/WordPress_02\/wp-json\/wp\/v2\/media\/3862"}],"wp:attachment":[{"href":"https:\/\/kunst-und-kampf.de\/WordPress_02\/wp-json\/wp\/v2\/media?parent=3859"}],"wp:term":[{"taxonomy":"post_tag","embeddable":true,"href":"https:\/\/kunst-und-kampf.de\/WordPress_02\/wp-json\/wp\/v2\/tags?post=3859"},{"taxonomy":"portfolio_entries","embeddable":true,"href":"https:\/\/kunst-und-kampf.de\/WordPress_02\/wp-json\/wp\/v2\/portfolio_entries?post=3859"}],"curies":[{"name":"wp","href":"https:\/\/api.w.org\/{rel}","templated":true}]}}

<div  class='flex_column av-av_one_half-2a9015ff38129c418a3f2eafba3e9512 av_one_half  avia-builder-el-0  el_before_av_one_half  avia-builder-el-first  first flex_column_div  '     ><style type="text/css" data-created_by="avia_inline_auto" id="style-css-av-av_image-6ae674f92a91427a7634a40335812431">
.avia-image-container.av-av_image-6ae674f92a91427a7634a40335812431 img.avia_image{
box-shadow:none;
}
.avia-image-container.av-av_image-6ae674f92a91427a7634a40335812431 .av-image-caption-overlay-center{
color:#ffffff;
}
</style>
<div  class='avia-image-container av-av_image-6ae674f92a91427a7634a40335812431 av-styling- avia-align-left  avia-builder-el-1  avia-builder-el-no-sibling '   itemprop="image" itemscope="itemscope" itemtype="https://schema.org/ImageObject" ><div class="avia-image-container-inner"><div class="avia-image-overlay-wrap"><img decoding="async" fetchpriority="high" class='wp-image-3862 avia-img-lazy-loading-not-3862 avia_image ' src="https://kunst-und-kampf.de/wp-content/uploads/2016/11/Buchcover_Operation1653.jpg" alt='' title='Buchcover Operation1653'  height="800" width="576"  itemprop="thumbnailUrl" srcset="https://kunst-und-kampf.de/wp-content/uploads/2016/11/Buchcover_Operation1653.jpg 576w, https://kunst-und-kampf.de/wp-content/uploads/2016/11/Buchcover_Operation1653-216x300.jpg 216w, https://kunst-und-kampf.de/wp-content/uploads/2016/11/Buchcover_Operation1653-508x705.jpg 508w, https://kunst-und-kampf.de/wp-content/uploads/2016/11/Buchcover_Operation1653-450x625.jpg 450w" sizes="(max-width: 576px) 100vw, 576px" /></div></div></div></div>

<style type="text/css" data-created_by="avia_inline_auto" id="style-css-av-av_one_half-0aa7055fe62c3622faec82866afbaeb2">
.flex_column.av-av_one_half-0aa7055fe62c3622faec82866afbaeb2{
border-radius:0px 0px 0px 0px;
padding:0px 0px 0px 0px;
}
</style>
<div  class='flex_column av-av_one_half-0aa7055fe62c3622faec82866afbaeb2 av_one_half  avia-builder-el-2  el_after_av_one_half  el_before_av_hr  flex_column_div av-zero-column-padding  '     ><section  class='av_textblock_section av-av_textblock-0366cc7376be6c9e82a3e9cc8987b64f '   itemscope="itemscope" itemtype="https://schema.org/CreativeWork" ><div class='avia_textblock'  itemprop="text" ><h3>Buch Operation 1653 &#8211; Stay rude, stay rebel</h3>
<p>&#8222;Operation 1653&#8220; erzählt eine authentische Geschichte. Angewiesen durch Briefe einer ominösen &#8222;Organisation&#8220;, mittels Führungsoffizieren und Dossiers, wird Bernd Langer auf eine Reise mit unbekanntem Ziel geschickt: von Göttingen über Hamburg nach Amsterdam und Köln, den Rhein entlang, wo er sich einige Tage in einem Nonnenkloster aufhält, um schließlich in New York zu landen. Während dessen sind rätselhafte Aufgaben zu lösen.<br />
Die Reise führt den Autor in eine Auseinandersetzung mit seiner eigenen Geschichte, die eng mit der autonomen Bewegung verbunden ist. Es entsteht die persönliche Schilderung eines Menschen, der ab Ende der siebziger Jahre an Brennpunkten der politischen Auseinandersetzungen mit der Staatsmacht in der BRD beteiligt ist. Auf unterhaltsame Weise wird nachvollziehbar, wie man zum Autonomen wird und welche Werte und politischen Vorstellungen dabei wichtig sind und wie die autonome antifaschistische Bewegung entsteht und sich organisiert. Hell lodern die Flammen der Straßen-schlachten, Anschläge und illegalen Aktionen. Auch die Unerbittlichkeit des Kampfes wird gezeigt, die Toten und die Verfolgung durch die Polizei und Justiz beschrieben. Interessant wird die Schilderung, weil sie auch von den Zweifeln auf diesem Weg spricht und das Scheitern vieler Vorstellungen vor Augen führt.<br />
Der krimiähnliche Reiseverlauf bildet den Leitfaden der tiefgreifenden, amüsanten und zuweilen bizarr geschilderten Erinnerungen.</p>
</div></section><br />
<div  class='togglecontainer av-av_toggle_container-58d3b55d78679e2c4a6f7b2e625e97f8  avia-builder-el-4  el_after_av_textblock  avia-builder-el-last  toggle_close_all' >
<section class='av_toggle_section av-av_toggle-500c61e4b68d2ac7c885a8fdc43468ea'  itemscope="itemscope" itemtype="https://schema.org/CreativeWork" ><div role="tablist" class="single_toggle" data-tags="{Alle} "  ><p id='toggle-toggle-id-1' data-fake-id='#toggle-id-1' class='toggler  activeTitle av-title-above '  itemprop="headline"  role='tab' tabindex='0' aria-controls='toggle-id-1' data-slide-speed="200" data-title="Daten" data-title-open="" data-aria_collapsed="Click to expand: Daten" data-aria_expanded="Click to collapse: Daten">Daten<span class="toggle_icon"><span class="vert_icon"></span><span class="hor_icon"></span></span></p><div id='toggle-id-1' aria-labelledby='toggle-toggle-id-1' role='region' class='toggle_wrap  active_tc av-title-above' style='display:block;' ><div class='toggle_content invers-color '  itemprop="text" ><p>erschienen 17. Juni 2004<br />
Hardcover, 270 Seiten<br />
mit zahlreichen SW-Abbildungen<br />
Auflage 1.500 Exemplare<br />
Preis: 16,80 €</p>
</div></div></div></section>
<section class='av_toggle_section av-av_toggle-0dd3c91d47178ae1b8843afd4d16eb7c'  itemscope="itemscope" itemtype="https://schema.org/CreativeWork" ><div role="tablist" class="single_toggle" data-tags="{Alle} "  ><p id='toggle-toggle-id-2' data-fake-id='#toggle-id-2' class='toggler  av-title-above '  itemprop="headline"  role='tab' tabindex='0' aria-controls='toggle-id-2' data-slide-speed="200" data-title="Kaufen" data-title-open="" data-aria_collapsed="Click to expand: Kaufen" data-aria_expanded="Click to collapse: Kaufen">Kaufen<span class="toggle_icon"><span class="vert_icon"></span><span class="hor_icon"></span></span></p><div id='toggle-id-2' aria-labelledby='toggle-toggle-id-2' role='region' class='toggle_wrap  av-title-above'  ><div class='toggle_content invers-color '  itemprop="text" ><div  class='avia-button-wrap av-av_button-40062d26fce9a972b6041fad7485e1c4-wrap avia-button-left  avia-builder-el-5  avia-builder-el-no-sibling '><a href='https://kunst-und-kampf.de/WordPress_02/contact/anfragen-artwork/'  class='avia-button av-av_button-40062d26fce9a972b6041fad7485e1c4 av-link-btn avia-icon_select-yes-left-icon avia-size-medium avia-position-left avia-color-theme-color'   aria-label="Anfragen"><span class='avia_button_icon avia_button_icon_left avia-iconfont avia-font-entypo-fontello' data-av_icon='' data-av_iconfont='entypo-fontello' ></span><span class='avia_iconbox_title' >Anfragen</span></a></div>
</div></div></div></section>
</div></p></div><div  class='hr av-av_hr-dcd2069817a0e3d34ae04cad8f3443c7 hr-default  avia-builder-el-6  el_after_av_one_half  el_before_av_button '><span class='hr-inner '><span class="hr-inner-style"></span></span></div></p>
<div  class='avia-button-wrap av-av_button-d8ff56d5e64341cd8b273e5d9e48900a-wrap avia-button-center  avia-builder-el-7  el_after_av_hr  avia-builder-el-last '><a href='https://kunst-und-kampf.de/WordPress_02/veroeffentlichungen/'  class='avia-button av-av_button-d8ff56d5e64341cd8b273e5d9e48900a av-link-btn avia-icon_select-yes-left-icon avia-size-medium avia-position-center avia-color-theme-color-subtle'   aria-label="Übersicht Veröffentlichungen"><span class='avia_button_icon avia_button_icon_left avia-iconfont avia-font-entypo-fontello' data-av_icon='' data-av_iconfont='entypo-fontello' ></span><span class='avia_iconbox_title' >Übersicht Veröffentlichungen</span></a></div>
