{"id":7120,"date":"2024-12-15T20:43:36","date_gmt":"2024-12-15T20:43:36","guid":{"rendered":"https:\/\/kunst-und-kampf.de\/WordPress_02\/portfolio-item\/kolonialverbrechen-in-deutsch-ostafrika-copy\/"},"modified":"2024-12-16T02:09:31","modified_gmt":"2024-12-16T02:09:31","slug":"kolonialverbrechen-in-deutsch-ostafrika-copy","status":"publish","type":"portfolio","link":"https:\/\/kunst-und-kampf.de\/WordPress_02\/portfolio-item\/kolonialverbrechen-in-deutsch-ostafrika-copy\/","title":{"rendered":"\u00a1JUNTOS EN LA LUCHA POR LA LIBERACI\u00d3N; CONSTRUIR EL CONTRAPODER REVOLUCIONARIO!"},"content":{"rendered":"\n<style type=\"text\/css\" data-created_by=\"avia_inline_auto\" id=\"style-css-av-g83myp-a5c4d23905c16401e62ac01091d46d43\">\n.flex_column.av-g83myp-a5c4d23905c16401e62ac01091d46d43{\nborder-radius:0px 0px 0px 0px;\npadding:0px 0px 0px 0px;\n}\n<\/style>\n<div  class='flex_column av-g83myp-a5c4d23905c16401e62ac01091d46d43 av_two_third  avia-builder-el-0  el_before_av_one_third  avia-builder-el-first  first flex_column_div av-zero-column-padding  '     ><style type=\"text\/css\" data-created_by=\"avia_inline_auto\" id=\"style-css-av-e11wz5-7018f0ed1705bdf09a37db116c537d93\">\n.avia-image-container.av-e11wz5-7018f0ed1705bdf09a37db116c537d93 img.avia_image{\nbox-shadow:none;\n}\n.avia-image-container.av-e11wz5-7018f0ed1705bdf09a37db116c537d93 .av-image-caption-overlay-center{\ncolor:#ffffff;\n}\n<\/style>\n<div  class='avia-image-container av-e11wz5-7018f0ed1705bdf09a37db116c537d93 av-styling- av-img-linked avia-align-left  avia-builder-el-1  avia-builder-el-no-sibling '   itemprop=\"image\" itemscope=\"itemscope\" itemtype=\"https:\/\/schema.org\/ImageObject\" ><div class=\"avia-image-container-inner\"><div class=\"avia-image-overlay-wrap\"><a href=\"https:\/\/kunst-und-kampf.de\/wp-content\/uploads\/2024\/12\/Acrylbild_fertig-2000x1984.jpg\" data-srcset=\"https:\/\/kunst-und-kampf.de\/wp-content\/uploads\/2024\/12\/Acrylbild_fertig-2000x1984.jpg 2000w, https:\/\/kunst-und-kampf.de\/wp-content\/uploads\/2024\/12\/Acrylbild_fertig-300x298.jpg 300w, https:\/\/kunst-und-kampf.de\/wp-content\/uploads\/2024\/12\/Acrylbild_fertig-80x80.jpg 80w, https:\/\/kunst-und-kampf.de\/wp-content\/uploads\/2024\/12\/Acrylbild_fertig-768x762.jpg 768w, https:\/\/kunst-und-kampf.de\/wp-content\/uploads\/2024\/12\/Acrylbild_fertig-1536x1524.jpg 1536w, https:\/\/kunst-und-kampf.de\/wp-content\/uploads\/2024\/12\/Acrylbild_fertig-2048x2032.jpg 2048w, https:\/\/kunst-und-kampf.de\/wp-content\/uploads\/2024\/12\/Acrylbild_fertig-36x36.jpg 36w, https:\/\/kunst-und-kampf.de\/wp-content\/uploads\/2024\/12\/Acrylbild_fertig-180x180.jpg 180w, https:\/\/kunst-und-kampf.de\/wp-content\/uploads\/2024\/12\/Acrylbild_fertig-1500x1488.jpg 1500w, https:\/\/kunst-und-kampf.de\/wp-content\/uploads\/2024\/12\/Acrylbild_fertig-689x684.jpg 689w, https:\/\/kunst-und-kampf.de\/wp-content\/uploads\/2024\/12\/Acrylbild_fertig-710x704.jpg 710w, https:\/\/kunst-und-kampf.de\/wp-content\/uploads\/2024\/12\/Acrylbild_fertig-705x699.jpg 705w, https:\/\/kunst-und-kampf.de\/wp-content\/uploads\/2024\/12\/Acrylbild_fertig-1280x1270.jpg 1280w\" data-sizes=\"(max-width: 1500px) 100vw, 1500px\" class='avia_image '  aria-label='\u00a1JUNTOS EN LA LUCHA POR LA LIBERACI\u00d3N; CONSTRUIR EL CONTRAPODER REVOLUCIONARIO! POR LA CONSTRUCCI\u00d3N COLECTIVA Y LA AUTODETERMINACI\u00d3N!'><img decoding=\"async\" fetchpriority=\"high\" class='wp-image-7122 avia-img-lazy-loading-not-7122 avia_image ' src=\"https:\/\/kunst-und-kampf.de\/wp-content\/uploads\/2024\/12\/Acrylbild_fertig-scaled.jpg\" alt='\u00a1JUNTOS EN LA LUCHA POR LA LIBERACI\u00d3N; CONSTRUIR EL CONTRAPODER REVOLUCIONARIO!' title='\u00a1JUNTOS EN LA LUCHA POR LA LIBERACI\u00d3N; CONSTRUIR EL CONTRAPODER REVOLUCIONARIO! POR LA CONSTRUCCI\u00d3N COLECTIVA Y LA AUTODETERMINACI\u00d3N!'  height=\"2540\" width=\"2560\"  itemprop=\"thumbnailUrl\" srcset=\"https:\/\/kunst-und-kampf.de\/wp-content\/uploads\/2024\/12\/Acrylbild_fertig-scaled.jpg 2560w, https:\/\/kunst-und-kampf.de\/wp-content\/uploads\/2024\/12\/Acrylbild_fertig-300x298.jpg 300w, https:\/\/kunst-und-kampf.de\/wp-content\/uploads\/2024\/12\/Acrylbild_fertig-2000x1984.jpg 2000w, https:\/\/kunst-und-kampf.de\/wp-content\/uploads\/2024\/12\/Acrylbild_fertig-80x80.jpg 80w, https:\/\/kunst-und-kampf.de\/wp-content\/uploads\/2024\/12\/Acrylbild_fertig-768x762.jpg 768w, https:\/\/kunst-und-kampf.de\/wp-content\/uploads\/2024\/12\/Acrylbild_fertig-1536x1524.jpg 1536w, https:\/\/kunst-und-kampf.de\/wp-content\/uploads\/2024\/12\/Acrylbild_fertig-2048x2032.jpg 2048w, https:\/\/kunst-und-kampf.de\/wp-content\/uploads\/2024\/12\/Acrylbild_fertig-36x36.jpg 36w, https:\/\/kunst-und-kampf.de\/wp-content\/uploads\/2024\/12\/Acrylbild_fertig-180x180.jpg 180w, https:\/\/kunst-und-kampf.de\/wp-content\/uploads\/2024\/12\/Acrylbild_fertig-1500x1488.jpg 1500w, https:\/\/kunst-und-kampf.de\/wp-content\/uploads\/2024\/12\/Acrylbild_fertig-689x684.jpg 689w, https:\/\/kunst-und-kampf.de\/wp-content\/uploads\/2024\/12\/Acrylbild_fertig-710x704.jpg 710w, https:\/\/kunst-und-kampf.de\/wp-content\/uploads\/2024\/12\/Acrylbild_fertig-705x699.jpg 705w, https:\/\/kunst-und-kampf.de\/wp-content\/uploads\/2024\/12\/Acrylbild_fertig-1280x1270.jpg 1280w\" sizes=\"(max-width: 2560px) 100vw, 2560px\" \/><\/a><\/div><\/div><\/div><\/div>\n\n<style type=\"text\/css\" data-created_by=\"avia_inline_auto\" id=\"style-css-av-ci4gpd-58c0086059a012ad366276177602b556\">\n.flex_column.av-ci4gpd-58c0086059a012ad366276177602b556{\nborder-radius:0px 0px 0px 0px;\npadding:0px 0px 0px 0px;\n}\n<\/style>\n<div  class='flex_column av-ci4gpd-58c0086059a012ad366276177602b556 av_one_third  avia-builder-el-2  el_after_av_two_third  el_before_av_hr  flex_column_div av-zero-column-padding  '     ><p><section  class='av_textblock_section av-aomzvl-1a58946c623fc739acb2deeaf0da1d91 '   itemscope=\"itemscope\" itemtype=\"https:\/\/schema.org\/CreativeWork\" ><div class='avia_textblock'  itemprop=\"text\" ><p><strong>\u00a1JUNTOS EN LA LUCHA POR LA LIBERACI\u00d3N; CONSTRUIR EL CONTRAPODER REVOLUCIONARIO!<\/strong><\/p>\n<p>Das Bild entstand nach der Ausstellung <strong>Arte y lucha \/ <\/strong><strong>Contra el fascismo y el terrorismo de Estado \/<\/strong><strong>Juntos somos due\u00f1os del futuro <\/strong>vom 18.10. bis 10.11.2o24 im Club La Cultura del Bario in Buenos Aires. Der Titel ist eine \u00dcbersetzung von <strong>Kunst und Kampf \/ <\/strong><strong>Gegen Faschismus und Staatsterrorismus! \/ <\/strong><strong>Zusammen geh\u00f6rt uns die Zukunft.<\/strong><\/p>\n<p>Auf Wunsch der Aktivistinnen und Aktivisten fiel die Wahl des Motives auf einen schwarzen Block. Die Abbildung hatte ich f\u00fcr ein Plakatmotiv erarbeitet. Grundlage war eine Fotografie aus dem Jahr 2009 vom schwarzen Block bei der revolution\u00e4ren 1. Mai Demo in Berlin. In diesem Jahr versuchte der Block, ein letztes Mal, offensiv vorzugehen; 2024 trat er erstmals \u00fcberhaupt nicht mehr bei der Demo in Erscheinung.<\/p>\n<p>Die Parole lautet, <strong>Gemeinsam im Kampf um Befreiung die revolution\u00e4re Gegenmacht organisieren! F\u00fcr Kollektivit\u00e4t und Selbstbestimmung!<\/strong><\/p>\n<p>Da das Bild f\u00fcr S\u00fcdamerika bestimmt war, hier auf spanisch, <strong>\u00a1JUNTOS EN LA LUCHA POR LA LIBERACI\u00d3N; CONSTRUIR EL CONTRAPODER REVOLUCIONARIO! <\/strong><strong>POR LA CONSTRUCCI\u00d3N COLECTIVA Y LA AUTODETERMINACI\u00d3N!<\/strong><\/p>\n<p>Auf der R\u00fcckseite befindet sich zudem der deutsche Originaltext.<\/p>\n<p>Die kleine Figur vorn rechts, vor dem Antifa-Logo, geht auf einen Entwurf zur\u00fcck, der im Zusammenhang mit der Ausstellung enststand. In einer Vorfassung schleuderte der Werfer einen Stein, der sich in einen Pinsel wandelte, mit dem er das Logo hinter sich malt. Vor seinen F\u00fc\u00dfen Spraydosen und B\u00fccher.<\/p>\n<\/div><\/section><br \/>\n<div  class='togglecontainer av-8n7tk1-a386b5f3adef3d16a512ef62c3c09290  avia-builder-el-4  el_after_av_textblock  avia-builder-el-last  toggle_close_all' >\n<section class='av_toggle_section av-3697um-66996f97615a746815925c2eb694dc6c'  itemscope=\"itemscope\" itemtype=\"https:\/\/schema.org\/CreativeWork\" ><div role=\"tablist\" class=\"single_toggle\" data-tags=\"{Alle} \"  ><p id='toggle-toggle-id-1' data-fake-id='#toggle-id-1' class='toggler  av-title-above '  itemprop=\"headline\"  role='tab' tabindex='0' aria-controls='toggle-id-1' data-slide-speed=\"200\" data-title=\"Daten\" data-title-open=\"\" data-aria_collapsed=\"Click to expand: Daten\" data-aria_expanded=\"Click to collapse: Daten\">Daten<span class=\"toggle_icon\"><span class=\"vert_icon\"><\/span><span class=\"hor_icon\"><\/span><\/span><\/p><div id='toggle-id-1' aria-labelledby='toggle-toggle-id-1' role='region' class='toggle_wrap  av-title-above'  ><div class='toggle_content invers-color '  itemprop=\"text\" ><p>Dezember 2024<\/p>\n<p>Acrylfarbe auf Leinwand<\/p>\n<p>70 cm x 70 cm<\/p>\n<\/div><\/div><\/div><\/section>\n<section class='av_toggle_section av-2ak3lq-ee1b23520d97b70be71c3f1cf046a509'  itemscope=\"itemscope\" itemtype=\"https:\/\/schema.org\/CreativeWork\" ><div role=\"tablist\" class=\"single_toggle\" data-tags=\"{Alle} \"  ><p id='toggle-toggle-id-2' data-fake-id='#toggle-id-2' class='toggler  av-title-above '  itemprop=\"headline\"  role='tab' tabindex='0' aria-controls='toggle-id-2' data-slide-speed=\"200\" data-title=\"kaufen\" data-title-open=\"\" data-aria_collapsed=\"Click to expand: kaufen\" data-aria_expanded=\"Click to collapse: kaufen\">kaufen<span class=\"toggle_icon\"><span class=\"vert_icon\"><\/span><span class=\"hor_icon\"><\/span><\/span><\/p><div id='toggle-id-2' aria-labelledby='toggle-toggle-id-2' role='region' class='toggle_wrap  av-title-above'  ><div class='toggle_content invers-color '  itemprop=\"text\" ><p>Im Besitz des Club La Cultura del Bario, Buenos Aires.<\/p>\n<\/div><\/div><\/div><\/section>\n<\/div><\/p><\/div><div  class='hr av-4ok5ap-ae67edc86f84a391dfcc4834177649f0 hr-default  avia-builder-el-5  el_after_av_one_third  el_before_av_button '><span class='hr-inner '><span class=\"hr-inner-style\"><\/span><\/span><\/div><\/p>\n<div  class='avia-button-wrap av-38mpwx-04c8e4411b7a014e331dcbcd2d70f023-wrap avia-button-center  avia-builder-el-6  el_after_av_hr  avia-builder-el-last '><a href='https:\/\/kunst-und-kampf.de\/WordPress_02\/veroeffentlichungen\/'  class='avia-button av-38mpwx-04c8e4411b7a014e331dcbcd2d70f023 av-link-btn avia-icon_select-yes-left-icon avia-size-medium avia-position-center avia-color-theme-color-subtle'   aria-label=\"zur\u00fcck zur \u00dcbersicht\"><span class='avia_button_icon avia_button_icon_left avia-iconfont avia-font-entypo-fontello' data-av_icon='\ue876' data-av_iconfont='entypo-fontello' ><\/span><span class='avia_iconbox_title' >zur\u00fcck zur \u00dcbersicht<\/span><\/a><\/div>\n","protected":false},"excerpt":{"rendered":"","protected":false},"author":2,"featured_media":7122,"comment_status":"closed","ping_status":"closed","template":"","meta":{"footnotes":""},"tags":[74,390,61,391],"portfolio_entries":[41],"class_list":["post-7120","portfolio","type-portfolio","status-publish","has-post-thumbnail","hentry","tag-bernd-langer","tag-buenos-aires","tag-kunst-und-kampf","tag-suedamerika","portfolio_entries-gemaelde"],"_links":{"self":[{"href":"https:\/\/kunst-und-kampf.de\/WordPress_02\/wp-json\/wp\/v2\/portfolio\/7120","targetHints":{"allow":["GET"]}}],"collection":[{"href":"https:\/\/kunst-und-kampf.de\/WordPress_02\/wp-json\/wp\/v2\/portfolio"}],"about":[{"href":"https:\/\/kunst-und-kampf.de\/WordPress_02\/wp-json\/wp\/v2\/types\/portfolio"}],"author":[{"embeddable":true,"href":"https:\/\/kunst-und-kampf.de\/WordPress_02\/wp-json\/wp\/v2\/users\/2"}],"replies":[{"embeddable":true,"href":"https:\/\/kunst-und-kampf.de\/WordPress_02\/wp-json\/wp\/v2\/comments?post=7120"}],"version-history":[{"count":21,"href":"https:\/\/kunst-und-kampf.de\/WordPress_02\/wp-json\/wp\/v2\/portfolio\/7120\/revisions"}],"predecessor-version":[{"id":7155,"href":"https:\/\/kunst-und-kampf.de\/WordPress_02\/wp-json\/wp\/v2\/portfolio\/7120\/revisions\/7155"}],"wp:featuredmedia":[{"embeddable":true,"href":"https:\/\/kunst-und-kampf.de\/WordPress_02\/wp-json\/wp\/v2\/media\/7122"}],"wp:attachment":[{"href":"https:\/\/kunst-und-kampf.de\/WordPress_02\/wp-json\/wp\/v2\/media?parent=7120"}],"wp:term":[{"taxonomy":"post_tag","embeddable":true,"href":"https:\/\/kunst-und-kampf.de\/WordPress_02\/wp-json\/wp\/v2\/tags?post=7120"},{"taxonomy":"portfolio_entries","embeddable":true,"href":"https:\/\/kunst-und-kampf.de\/WordPress_02\/wp-json\/wp\/v2\/portfolio_entries?post=7120"}],"curies":[{"name":"wp","href":"https:\/\/api.w.org\/{rel}","templated":true}]}}

¡JUNTOS EN LA LUCHA POR LA LIBERACIÓN; CONSTRUIR EL CONTRAPODER REVOLUCIONARIO!

<style type="text/css" data-created_by="avia_inline_auto" id="style-css-av-g83myp-a5c4d23905c16401e62ac01091d46d43">
.flex_column.av-g83myp-a5c4d23905c16401e62ac01091d46d43{
border-radius:0px 0px 0px 0px;
padding:0px 0px 0px 0px;
}
</style>
<div  class='flex_column av-g83myp-a5c4d23905c16401e62ac01091d46d43 av_two_third  avia-builder-el-0  el_before_av_one_third  avia-builder-el-first  first flex_column_div av-zero-column-padding  '     ><style type="text/css" data-created_by="avia_inline_auto" id="style-css-av-e11wz5-7018f0ed1705bdf09a37db116c537d93">
.avia-image-container.av-e11wz5-7018f0ed1705bdf09a37db116c537d93 img.avia_image{
box-shadow:none;
}
.avia-image-container.av-e11wz5-7018f0ed1705bdf09a37db116c537d93 .av-image-caption-overlay-center{
color:#ffffff;
}
</style>
<div  class='avia-image-container av-e11wz5-7018f0ed1705bdf09a37db116c537d93 av-styling- av-img-linked avia-align-left  avia-builder-el-1  avia-builder-el-no-sibling '   itemprop="image" itemscope="itemscope" itemtype="https://schema.org/ImageObject" ><div class="avia-image-container-inner"><div class="avia-image-overlay-wrap"><a href="https://kunst-und-kampf.de/wp-content/uploads/2024/12/Acrylbild_fertig-2000x1984.jpg" data-srcset="https://kunst-und-kampf.de/wp-content/uploads/2024/12/Acrylbild_fertig-2000x1984.jpg 2000w, https://kunst-und-kampf.de/wp-content/uploads/2024/12/Acrylbild_fertig-300x298.jpg 300w, https://kunst-und-kampf.de/wp-content/uploads/2024/12/Acrylbild_fertig-80x80.jpg 80w, https://kunst-und-kampf.de/wp-content/uploads/2024/12/Acrylbild_fertig-768x762.jpg 768w, https://kunst-und-kampf.de/wp-content/uploads/2024/12/Acrylbild_fertig-1536x1524.jpg 1536w, https://kunst-und-kampf.de/wp-content/uploads/2024/12/Acrylbild_fertig-2048x2032.jpg 2048w, https://kunst-und-kampf.de/wp-content/uploads/2024/12/Acrylbild_fertig-36x36.jpg 36w, https://kunst-und-kampf.de/wp-content/uploads/2024/12/Acrylbild_fertig-180x180.jpg 180w, https://kunst-und-kampf.de/wp-content/uploads/2024/12/Acrylbild_fertig-1500x1488.jpg 1500w, https://kunst-und-kampf.de/wp-content/uploads/2024/12/Acrylbild_fertig-689x684.jpg 689w, https://kunst-und-kampf.de/wp-content/uploads/2024/12/Acrylbild_fertig-710x704.jpg 710w, https://kunst-und-kampf.de/wp-content/uploads/2024/12/Acrylbild_fertig-705x699.jpg 705w, https://kunst-und-kampf.de/wp-content/uploads/2024/12/Acrylbild_fertig-1280x1270.jpg 1280w" data-sizes="(max-width: 1500px) 100vw, 1500px" class='avia_image '  aria-label='¡JUNTOS EN LA LUCHA POR LA LIBERACIÓN; CONSTRUIR EL CONTRAPODER REVOLUCIONARIO! POR LA CONSTRUCCIÓN COLECTIVA Y LA AUTODETERMINACIÓN!'><img decoding="async" fetchpriority="high" class='wp-image-7122 avia-img-lazy-loading-not-7122 avia_image ' src="https://kunst-und-kampf.de/wp-content/uploads/2024/12/Acrylbild_fertig-scaled.jpg" alt='¡JUNTOS EN LA LUCHA POR LA LIBERACIÓN; CONSTRUIR EL CONTRAPODER REVOLUCIONARIO!' title='¡JUNTOS EN LA LUCHA POR LA LIBERACIÓN; CONSTRUIR EL CONTRAPODER REVOLUCIONARIO! POR LA CONSTRUCCIÓN COLECTIVA Y LA AUTODETERMINACIÓN!'  height="2540" width="2560"  itemprop="thumbnailUrl" srcset="https://kunst-und-kampf.de/wp-content/uploads/2024/12/Acrylbild_fertig-scaled.jpg 2560w, https://kunst-und-kampf.de/wp-content/uploads/2024/12/Acrylbild_fertig-300x298.jpg 300w, https://kunst-und-kampf.de/wp-content/uploads/2024/12/Acrylbild_fertig-2000x1984.jpg 2000w, https://kunst-und-kampf.de/wp-content/uploads/2024/12/Acrylbild_fertig-80x80.jpg 80w, https://kunst-und-kampf.de/wp-content/uploads/2024/12/Acrylbild_fertig-768x762.jpg 768w, https://kunst-und-kampf.de/wp-content/uploads/2024/12/Acrylbild_fertig-1536x1524.jpg 1536w, https://kunst-und-kampf.de/wp-content/uploads/2024/12/Acrylbild_fertig-2048x2032.jpg 2048w, https://kunst-und-kampf.de/wp-content/uploads/2024/12/Acrylbild_fertig-36x36.jpg 36w, https://kunst-und-kampf.de/wp-content/uploads/2024/12/Acrylbild_fertig-180x180.jpg 180w, https://kunst-und-kampf.de/wp-content/uploads/2024/12/Acrylbild_fertig-1500x1488.jpg 1500w, https://kunst-und-kampf.de/wp-content/uploads/2024/12/Acrylbild_fertig-689x684.jpg 689w, https://kunst-und-kampf.de/wp-content/uploads/2024/12/Acrylbild_fertig-710x704.jpg 710w, https://kunst-und-kampf.de/wp-content/uploads/2024/12/Acrylbild_fertig-705x699.jpg 705w, https://kunst-und-kampf.de/wp-content/uploads/2024/12/Acrylbild_fertig-1280x1270.jpg 1280w" sizes="(max-width: 2560px) 100vw, 2560px" /></a></div></div></div></div>

<style type="text/css" data-created_by="avia_inline_auto" id="style-css-av-ci4gpd-58c0086059a012ad366276177602b556">
.flex_column.av-ci4gpd-58c0086059a012ad366276177602b556{
border-radius:0px 0px 0px 0px;
padding:0px 0px 0px 0px;
}
</style>
<div  class='flex_column av-ci4gpd-58c0086059a012ad366276177602b556 av_one_third  avia-builder-el-2  el_after_av_two_third  el_before_av_hr  flex_column_div av-zero-column-padding  '     ><p><section  class='av_textblock_section av-aomzvl-1a58946c623fc739acb2deeaf0da1d91 '   itemscope="itemscope" itemtype="https://schema.org/CreativeWork" ><div class='avia_textblock'  itemprop="text" ><p><strong>¡JUNTOS EN LA LUCHA POR LA LIBERACIÓN; CONSTRUIR EL CONTRAPODER REVOLUCIONARIO!</strong></p>
<p>Das Bild entstand nach der Ausstellung <strong>Arte y lucha / </strong><strong>Contra el fascismo y el terrorismo de Estado /</strong><strong>Juntos somos dueños del futuro </strong>vom 18.10. bis 10.11.2o24 im Club La Cultura del Bario in Buenos Aires. Der Titel ist eine Übersetzung von <strong>Kunst und Kampf / </strong><strong>Gegen Faschismus und Staatsterrorismus! / </strong><strong>Zusammen gehört uns die Zukunft.</strong></p>
<p>Auf Wunsch der Aktivistinnen und Aktivisten fiel die Wahl des Motives auf einen schwarzen Block. Die Abbildung hatte ich für ein Plakatmotiv erarbeitet. Grundlage war eine Fotografie aus dem Jahr 2009 vom schwarzen Block bei der revolutionären 1. Mai Demo in Berlin. In diesem Jahr versuchte der Block, ein letztes Mal, offensiv vorzugehen; 2024 trat er erstmals überhaupt nicht mehr bei der Demo in Erscheinung.</p>
<p>Die Parole lautet, <strong>Gemeinsam im Kampf um Befreiung die revolutionäre Gegenmacht organisieren! Für Kollektivität und Selbstbestimmung!</strong></p>
<p>Da das Bild für Südamerika bestimmt war, hier auf spanisch, <strong>¡JUNTOS EN LA LUCHA POR LA LIBERACIÓN; CONSTRUIR EL CONTRAPODER REVOLUCIONARIO! </strong><strong>POR LA CONSTRUCCIÓN COLECTIVA Y LA AUTODETERMINACIÓN!</strong></p>
<p>Auf der Rückseite befindet sich zudem der deutsche Originaltext.</p>
<p>Die kleine Figur vorn rechts, vor dem Antifa-Logo, geht auf einen Entwurf zurück, der im Zusammenhang mit der Ausstellung enststand. In einer Vorfassung schleuderte der Werfer einen Stein, der sich in einen Pinsel wandelte, mit dem er das Logo hinter sich malt. Vor seinen Füßen Spraydosen und Bücher.</p>
</div></section><br />
<div  class='togglecontainer av-8n7tk1-a386b5f3adef3d16a512ef62c3c09290  avia-builder-el-4  el_after_av_textblock  avia-builder-el-last  toggle_close_all' >
<section class='av_toggle_section av-3697um-66996f97615a746815925c2eb694dc6c'  itemscope="itemscope" itemtype="https://schema.org/CreativeWork" ><div role="tablist" class="single_toggle" data-tags="{Alle} "  ><p id='toggle-toggle-id-1' data-fake-id='#toggle-id-1' class='toggler  av-title-above '  itemprop="headline"  role='tab' tabindex='0' aria-controls='toggle-id-1' data-slide-speed="200" data-title="Daten" data-title-open="" data-aria_collapsed="Click to expand: Daten" data-aria_expanded="Click to collapse: Daten">Daten<span class="toggle_icon"><span class="vert_icon"></span><span class="hor_icon"></span></span></p><div id='toggle-id-1' aria-labelledby='toggle-toggle-id-1' role='region' class='toggle_wrap  av-title-above'  ><div class='toggle_content invers-color '  itemprop="text" ><p>Dezember 2024</p>
<p>Acrylfarbe auf Leinwand</p>
<p>70 cm x 70 cm</p>
</div></div></div></section>
<section class='av_toggle_section av-2ak3lq-ee1b23520d97b70be71c3f1cf046a509'  itemscope="itemscope" itemtype="https://schema.org/CreativeWork" ><div role="tablist" class="single_toggle" data-tags="{Alle} "  ><p id='toggle-toggle-id-2' data-fake-id='#toggle-id-2' class='toggler  av-title-above '  itemprop="headline"  role='tab' tabindex='0' aria-controls='toggle-id-2' data-slide-speed="200" data-title="kaufen" data-title-open="" data-aria_collapsed="Click to expand: kaufen" data-aria_expanded="Click to collapse: kaufen">kaufen<span class="toggle_icon"><span class="vert_icon"></span><span class="hor_icon"></span></span></p><div id='toggle-id-2' aria-labelledby='toggle-toggle-id-2' role='region' class='toggle_wrap  av-title-above'  ><div class='toggle_content invers-color '  itemprop="text" ><p>Im Besitz des Club La Cultura del Bario, Buenos Aires.</p>
</div></div></div></section>
</div></p></div><div  class='hr av-4ok5ap-ae67edc86f84a391dfcc4834177649f0 hr-default  avia-builder-el-5  el_after_av_one_third  el_before_av_button '><span class='hr-inner '><span class="hr-inner-style"></span></span></div></p>
<div  class='avia-button-wrap av-38mpwx-04c8e4411b7a014e331dcbcd2d70f023-wrap avia-button-center  avia-builder-el-6  el_after_av_hr  avia-builder-el-last '><a href='https://kunst-und-kampf.de/WordPress_02/veroeffentlichungen/'  class='avia-button av-38mpwx-04c8e4411b7a014e331dcbcd2d70f023 av-link-btn avia-icon_select-yes-left-icon avia-size-medium avia-position-center avia-color-theme-color-subtle'   aria-label="zurück zur Übersicht"><span class='avia_button_icon avia_button_icon_left avia-iconfont avia-font-entypo-fontello' data-av_icon='' data-av_iconfont='entypo-fontello' ></span><span class='avia_iconbox_title' >zurück zur Übersicht</span></a></div>
